734?
2, 27909367
List the prime factors of 1804853400.
2, 3, 5, 7, 429727
List the prime factors of 869302025.
5, 53, 656077
List the prime factors of 2200434553.
2200434553
What are the prime factors of 221969987?
23, 419603
What are the prime factors of 814686144?
2, 3, 643, 6599
What are the prime factors of 1194011775?
3, 5, 11, 19, 25391
What are the prime factors of 5958737451?
3, 97, 6825587
List the prime factors of 772681924.
2, 7, 71, 388673
List the prime factors of 48085922.
2, 19, 66601
What are the prime factors of 21286975?
5, 17, 50087
List the prime factors of 1870688956.
2, 109, 557, 7703
What are the prime factors of 14093841?
3, 4697947
What are the prime factors of 2290398437?
3307, 692591
List the prime factors of 28259552.
2, 883111
List the prime factors of 213170021.
17, 419, 29927
What are the prime factors of 20059544?
2, 313, 8011
What are the prime factors of 1530170323?
11, 17, 31, 15527
List the prime factors of 34892949.
3, 7, 13, 19, 31
What are the prime factors of 3713864299?
83, 44745353
List the prime factors of 257412902.
2, 31, 4151821
List the prime factors of 576485186.
2, 288242593
What are the prime factors of 760648231?
7, 8419, 12907
What are the prime factors of 72276722?
2, 7, 19, 43, 71, 89
What are the prime factors of 2636185349?
7, 5237, 10273
What are the prime factors of 27588437?
19, 263, 5521
List the prime factors of 404794946.
2, 607, 333439
What are the prime factors of 1004494559?
79, 347, 36643
List the prime factors of 14374025.
5, 491, 1171
List the prime factors of 57406718.
2, 29, 421, 2351
List the prime factors of 3171885352.
2, 211, 1879079
What are the prime factors of 11022072?
2, 3, 353, 1301
List the prime factors of 13330351.
13330351
What are the prime factors of 178793453?
67, 2668559
List the prime factors of 547624570.
2, 5, 17, 3221321
What are the prime factors of 129354386?
2, 7, 317, 29147
What are the prime factors of 17814971?
17814971
List the prime factors of 94953157.
13, 53, 10601
What are the prime factors of 160956438?
2, 3, 23, 29, 37, 1087
List the prime factors of 553203386.
2, 276601693
List the prime factors of 202227431.
7, 19, 23, 66109
List the prime factors of 1697919474.
2, 3, 9551, 29629
What are the prime factors of 128387509?
73, 449, 3917
List the prime factors of 31662153.
3, 3518017
What are the prime factors of 64032068?
2, 1237, 12941
List the prime factors of 21708832.
2, 678401
List the prime factors of 414737949.
3, 3967, 34849
What are the prime factors of 60349012?
2, 2221, 6793
What are the prime factors of 10634605?
5, 17, 125113
List the prime factors of 95505480.
2, 3, 5, 7, 4211
What are the prime factors of 8334353964?
2, 3, 29, 23949293
List the prime factors of 4722679428.
2, 3, 131, 263, 11423
List the prime factors of 591439567.
157, 3767131
List the prime factors of 4027024293.
3, 19, 109, 181, 3581
List the prime factors of 14924316.
2, 3, 11, 113063
What are the prime factors of 1733354652?
2, 3, 144446221
List the prime factors of 322553177.
19, 53, 59, 61, 89
List the prime factors of 38681484.
2, 3, 109, 29573
What are the prime factors of 5413498?
2, 743, 3643
List the prime factors of 36678858.
2, 3, 89, 68687
List the prime factors of 4811239967.
1831, 2627657
List the prime factors of 3235663207.
7, 23, 367, 7823
List the prime factors of 3498832.
2, 218677
List the prime factors of 50208658.
2, 25104329
What are the prime factors of 44108125?
5, 70573
List the prime factors of 57470273.
7, 881, 9319
List the prime factors of 906702637.
461, 1966817
List the prime factors of 107322124.
2, 7, 13, 31, 9511
List the prime factors of 1029459492.
2, 3, 53, 709, 761
What are the prime factors of 47165295?
3, 5, 23, 136711
What are the prime factors of 56352569?
7, 13, 17, 73, 499
What are the prime factors of 3492305840?
2, 5, 769, 56767
What are the prime factors of 852835945?
5, 13, 13120553
List the prime factors of 66169983.
3, 11, 2005151
List the prime factors of 2032578555.
3, 5, 7, 56437
List the prime factors of 809793943.
7, 53, 163, 1913
What are the prime factors of 2058212371?
191, 211, 51071
What are the prime factors of 13195171?
11, 167, 653
List the prime factors of 66894920.
2, 5, 269, 6217
What are the prime factors of 484233783?
3, 11, 14673751
List the prime factors of 416191722.
2, 3, 17, 53, 167, 461
What are the prime factors of 3041200472?
2, 7159, 53101
List the prime factors of 79020259.
19, 4158961
What are the prime factors of 9484813?
13, 729601
What are the prime factors of 59735041?
29, 43, 47903
What are the prime factors of 113275226?
2, 19, 487, 6121
What are the prime factors of 7460896?
2, 107, 2179
What are the prime factors of 43332160?
2, 5, 19, 7127
List the prime factors of 818093786.
2, 223, 337, 5443
List the prime factors of 298454064.
2, 3, 127, 173, 283
List the prime factors of 87358243.
7, 191, 223, 293
List the prime factors of 590951641.
7, 84421663
What are the prime factors of 70846906?
2, 13, 1069, 2549
What are the prime factors of 163434345?
3, 5, 17, 640919
List the prime factors of 164504306.
2, 82252153
List the prime factors of 20365116.
2, 3, 17, 99829
What are the prime factors of 8048454?
2, 3, 1341409
List the prime factors of 2251964501.
941, 2393161
What are the prime factors of 45526502?
2, 7, 37, 179, 491
List the prime factors of 59176576.
2, 643, 719
What are the prime factors of 111275207?
111275207
What are the prime factors of 32934453?
3, 67, 163853
List the prime factors of 424970266.
2, 7, 30355019
List the prime factors of 16118461.
29, 137, 4057
List the prime factors of 1601318287.
1601318287
What are the prime factors of 294471101?
19, 131, 193, 613
List the prime factors of 634357074.
2, 3, 13, 17, 478399
What are the prime factors of 37015382?
2, 19, 974089
What are the prime factors of 58555686?
2, 3, 7, 151, 1319
What are the prime factors of 1167936172?
2, 13, 22460311
What are the prime factors of 405901436?
2, 683, 148573
What are the prime factors of 75938567?
101, 751867
What are the prime factors of 548889247?
101, 2083, 2609
List the prime factors of 3037029529.
163, 18632083
List the prime factors of 444852529.
11, 19, 2128481
What are the prime factors of 55754350?
2, 5, 1049, 1063
What are the prime factors of 23286032?
2, 7, 11, 41, 461
What are the prime factors of 3253330969?
7, 563, 825509
List the prime factors of 4453555901.
19, 234397679
List the prime factors of 43242766.
2, 7, 107, 28867
What are the prime factors of 1333667425?
5, 17, 3138041
What are the prime factors of 4051088209?
7, 1033, 560239
What are the prime factors of 2876028611?
37, 77730503
What are the prime factors of 356199442?
2, 419, 425059
What are the prime factors of 96154367?
127, 367, 2063
What are the prime factors of 1063993696?
2, 271, 122693
What are the prime factors of 4100280103?
11587, 353869
List the prime factors of 30817361.
439, 70199
What are the prime factors of 44363743?
44363743
List the prime factors of 1080946507.
1080946507
List the prime factors of 108122456.
2, 13, 59, 67, 263
List the prime factors of 4014762183.
3, 446084687
What are the prime factors of 74901285?
3, 5, 73, 151
List the prime factors of 168026754.
2, 3, 7, 29, 67, 71
What are the prime factors of 1100676118?
2, 17, 19, 1703833
List the prime factors of 7110584503.
11, 103, 6275891
List the prime factors of 1424813027.
11, 17, 7619321
List the prime factors of 109764011.
7, 41, 181, 2113
List the prime factors of 96445978.
2, 48222989
What are the prime factors of 8376556401?
3, 930728489
What are the prime factors of 367085602?
2, 13, 14118677
What are the prime factors of 8242045107?
3, 101, 509, 53441
What are the prime factors of 39400821?
3, 29, 150961
List the prime factors of 73439123.
19, 569, 6793
What are the prime factors of 2310458499?
3, 43, 71, 9343
What are the prime factors of 295683073?
7, 19, 577, 3853
List the prime factors of 70357564.
2, 17589391
List the prime factors of 41463144.
2, 3, 139, 1381
What are the prime factors of 181589058?
2, 3, 7, 107, 13469
What are the prime factors of 72834975?
3, 5, 323711
List the prime factors of 1247937649.
7, 17, 10486871
What are the prime factors of 4877128?
2, 609641
List the prime factors